number?
False
Is 98053 prime?
False
Is 6701 prime?
True
Is 327797 a prime number?
True
Is 9227 a prime number?
True
Is 127481 a prime number?
True
Is 125659 prime?
True
Is 2239667 a composite number?
False
Is 8053 a composite number?
False
Is 48259 composite?
False
Is 23645 a prime number?
False
Is 189869 composite?
True
Is 49453 prime?
False
Is 3251 a prime number?
True
Is 39313 composite?
False
Is 13093 a composite number?
False
Is 51971 a composite number?
False
Is 14662 prime?
False
Is 3413227 a prime number?
True
Is 4119809 prime?
True
Is 5911 prime?
False
Is 16663 composite?
True
Is 352903 a composite number?
True
Is 540203 a prime number?
True
Is 93419 a composite number?
False
Is 44069 composite?
True
Is 1571 a composite number?
False
Is 312047 a prime number?
True
Is 212026 composite?
True
Is 379937 a prime number?
False
Is 2685649 prime?
True
Is 410815 prime?
False
Is 31919 composite?
True
Is 16123 prime?
False
Is 768353 prime?
True
Is 1381 prime?
True
Is 2505337 prime?
True
Is 23417 composite?
False
Is 633559 a composite number?
False
Is 24439 a composite number?
False
Is 172199 prime?
True
Is 38543 composite?
False
Is 174205 a prime number?
False
Is 202931 a prime number?
True
Is 4981 a prime number?
False
Is 3559 composite?
False
Is 35671 a prime number?
True
Is 3907 prime?
True
Is 43597 a composite number?
False
Is 123599 prime?
False
Is 51931 a composite number?
True
Is 1182355 composite?
True
Is 21733 a prime number?
False
Is 105137 a composite number?
False
Is 12767 composite?
True
Is 53 a composite number?
False
Is 27329 prime?
True
Is 166781 prime?
True
Is 3817 prime?
False
Is 1006 composite?
True
Is 28343 prime?
False
Is 108183 composite?
True
Is 115441 a prime number?
False
Is 13367 a composite number?
False
Is 3395635 prime?
False
Is 6131 a composite number?
False
Is 60601 a prime number?
True
Is 8407 prime?
False
Is 1153787 a composite number?
True
Is 8285 a composite number?
True
Is 43819 prime?
False
Is 103451 a prime number?
True
Is 144674 composite?
True
Is 685381 prime?
True
Is 18947 composite?
False
Is 2335 prime?
False
Is 24391 prime?
True
Is 200881 a composite number?
False
Is 67121 prime?
True
Is 7715 a composite number?
True
Is 41399 a prime number?
True
Is 1119907 composite?
False
Is 47597 prime?
False
Is 320543 a composite number?
True
Is 49057 composite?
False
Is 10183 prime?
False
Is 1366033 a prime number?
False
Is 5569 prime?
True
Is 340211 composite?
False
Is 29717 composite?
False
Is 122269 a composite number?
True
Is 3593 a composite number?
False
Is 202747 a prime number?
True
Is 169049 prime?
True
Is 515731 a composite number?
True
Is 21139 a prime number?
True
Is 421513 a composite number?
True
Is 40649 a prime number?
False
Is 16591 composite?
True
Is 135062 prime?
False
Is 1497 a prime number?
False
Is 2626217 prime?
False
Is 10427 composite?
False
Is 278129 prime?
False
Is 55021 prime?
True
Is 342607 prime?
True
Is 29837 a composite number?
False
Is 88721 a composite number?
False
Is 12071 prime?
True
Is 907 composite?
False
Is 65789 a prime number?
True
Is 421329 a prime number?
False
Is 758 a composite number?
True
Is 2179 a prime number?
True
Is 450611 a prime number?
False
Is 2533 composite?
True
Is 2192153 a prime number?
False
Is 124339 prime?
True
Is 58471 composite?
True
Is 214093 prime?
False
Is 1409 composite?
False
Is 15013 a composite number?
False
Is 184559 a composite number?
False
Is 208837 a prime number?
True
Is 4691 prime?
True
Is 85769 a composite number?
True
Is 223 a composite number?
False
Is 34211 a prime number?
True
Is 133919 a composite number?
False
Is 46951 a composite number?
True
Is 1801 composite?
False
Is 30971 a composite number?
False
Is 410701 composite?
False
Is 427153 a composite number?
True
Is 6731 composite?
True
Is 305 a prime number?
False
Is 398281 a prime number?
False
Is 23367 prime?
False
Is 97327 a composite number?
False
Is 413 a composite number?
True
Is 490067 prime?
False
Is 612593 a composite number?
True
Is 2814203 prime?
False
Is 19829 prime?
False
Is 34283 a prime number?
True
Is 99949 prime?
False
Is 114409 a composite number?
True
Is 106309 prime?
False
Is 18041 prime?
True
Is 45659 composite?
False
Is 709 prime?
True
Is 7039 prime?
True
Is 2413039 prime?
False
Is 11962 composite?
True
Is 334651 a composite number?
False
Is 25417 a composite number?
True
Is 1119479 a prime number?
False
Is 583 composite?
True
Is 265859 a prime number?
False
Is 205237 prime?
True
Is 7439 composite?
True
Is 505289 a prime number?
False
Is 937 a composite number?
False
Is 228529 a composite number?
True
Is 133559 a prime number?
True
Is 7609 composite?
True
Is 430949 a composite number?
False
Is 159721 a composite number?
False
Is 4721 a composite number?
False
Is 343933 a prime number?
True
Is 1704953 prime?
True
Is 76085 prime?
False
Is 509011 prime?
False
Is 17495 a prime number?
False
Is 3593 composite?
False
Is 5639 a composite number?
False
Is 157 a prime number?
True
Is 62311 a composite number?
False
Is 11969 composite?
False
Is 2153 a composite number?
False
Is 123911 a prime number?
True
Is 48817 prime?
True
Is 23251 a prime number?
True
Is 93463 a composite number?
False
Is 68207 a prime number?
True
Is 468127 a composite number?
True
Is 819865 prime?
False
Is 51833 a prime number?
False
Is 34403 a prime number?
True
Is 86069 prime?
True
Is 298421 prime?
False
Is 167711 prime?
True
Is 59197 a prime number?
True
Is 2503 prime?
True
Is 115081 prime?
False
Is 5879 composite?
False
Is 48151 a composite number?
True
Is 73727 composite?
False
Is 5897 prime?
True
Is 4265 a composite number?
True
Is 7069 a composite number?
False
Is 445287 a prime number?
False
Is 2395481 a composite number?
True
Is 2058895 prime?
False
Is 23311 prime?
True
Is 13301 a composite number?
True
Is 3163 a prime number?
True
Is 13829 composite?
False
Is 98887 prime?
True
Is 420083 a composite number?
True
Is 15107 composite?
False
Is 6881 composite?
True
Is 54429 a prime number?
False
Is 5177 a composite number?
True
Is 1509 prime?
False
Is 21081 composite?
True
Is 102967 a prime number?
True
Is 18181 a prime number?
True
Is 5321345 prime?
False
Is 517 prime?
False
Is 43655 prime?
False
Is 189817 a composite number?
False
Is 7771 a composite number?
True
Is 49903 a composite number?
True
Is 24151 a composite number?
False
Is 373 a prime number?
True
Is 26579 a composite number?
True
Is 88081 a prime number?
False
Is 40343 a composite number?
False
Is 3037 prime?
True
Is 179485 prime?
False
Is 828781 a prime number?
False
Is 23719 composite?
False
Is 66685 a prime number?
False
Is 15185 prime?
False
Is 16183 a composite number?
False
Is 1234687 composite?
False
Is 18155 a prime number?
False
Is 1939 a composite number?
True
Is 473699 a prime number?
False
Is 6067 a composite number?
False
Is 1874893 a prime number?
True
Is 9895 a prime number?
False
Is 2439059 prime?
False
Is 1654841 prime?
True
Is 1017371 a composite number?
False
Is 189223 a prime number?
True
Is 3941 composite?
True
Is 24631 composite?
False
Is 505481 composite?
False
Is 564781 a prime number?
False
Is 1901 composite?
False
Is 17819 composite?
True
Is 15391 prime?
True
Is 25682 composite?
True
Is 92551 prime?
True
Is 5737 a prime number?
True
Is 11027 prime?
True
Is 19661 composite?
False
Is 3463 a composite number?
False
Is 257837 a prime number?
True
Is 8209 composite?
False
Is 15767 a prime number?
True
Is 1117 a prime number?
True
Is 5387 a prime number?
True
Is 310967 composite?
True
Is 1977 a composite number?
True
Is 91159 composite?
False
Is 501565 prime?
False
Is 10666 composite?
True
Is 2323 a prime number?
False
Is 161869 composite?
False
Is 10473 a prime number?
False
Is 5876941 composite?
True
Is 3737 a prime number?
False
Is 99887 a prime number?
False
Is 47563 composite?
False
Is 42301 a prime number?
False
Is 1061483 composite?
False
Is 8501 composite?
False
Is 189509 a prime number?
True
Is 96847 composite?
False
Is 35381 prime?
True
Is 28883 a composite number?
True
Is 52321 composite?
False
Is 6121 composite?
False
Is 1777 a prime number?
True
Is 1141801 prime?
True
Is 81409 composite?
False
Is 354955 composite?
True
Is 18397 composite?
False
Is 3719 prime?
True
Is 39979 composite?
False